= f**2 + f - 88. Let h be m(-10). Determine l(h).
0
Let l(x) = x**2 + 2*x - 1. Suppose -4*m - 12 = -16, -4*m = -4*n + 4. Suppose 0 = 6*p - n*p - 12. Calculate l(p).
14
Let o(n) = n - 1. Suppose 10*f - 25*f = 9765. Let z be f/91 + (-2)/(-13). Determine o(z).
-8
Let u be 1/(-2 + 0 + 8) - 34/(-12). Let j = 8 + -6. Let f(p) = 0 + 2*p**j - 3*p - 4 - p**2. Give f(u).
-4
Let f(n) = n**2 - 12*n + 29. Let r be f(9). Let y(h) = -13*h - 4*h - 2*h + 31*h + r*h**2 - 7. What is y(-6)?
-7
Let o be (2/(-5))/(-4*(-6)/(-240)). Suppose 6 = o*m - 2*g, m = -3*m + 4*g + 4. Let n(h) = 2*h - 4*h + h - m*h - 4. Give n(3).
-13
Let g = 9 + -5. Let u(m) = 3*m**2 - m - 2*m**2 - 5*m**2 + m**3 + 2. Let l(f) = -2*f**3 + 8*f**2 + 2*f - 4. Let y(d) = 2*l(d) + 5*u(d). What is y(g)?
-2
Let n(h) = -28*h**2 + 58*h**2 - 10 + 13*h + 3 - 31*h**2 - 6*h. Determine n(4).
5
Let j(q) = 675 + q - 6*q - 673 + q**2 + 0*q. Determine j(4).
-2
Let m = -8648 + 8651. Let b(t) = -19*t + 19. Calculate b(m).
-38
Let d(j) = -3 + 18834*j + 5*j**2 - 18815*j + 18. What is d(-3)?
3
Let y be (-38)/(-3) + 1/3. Let r = 10498 + -10483. Suppose -r*z = -y*z + 2. Let h(m) = 13*m. Give h(z).
-13
Let w(j) = -j**2 + 3*j + 3. Let x = -47 + 58. Suppose 0 = 3*r - h + x, -h - 19 = 4*r + 2*h. Let f be (r + 2)*(-6)/4. Give w(f).
3
Let z(k) be the third derivative of k**4/24 + k**3/2 - 2*k**2. Let t be (423/18)/((-1)/(-4)*2). Suppose 0 = 54*f - t*f + 35. Determine z(f).
-2
Let f(x) = -4 + 0*x + 8 - 3*x + 0*x. Let y(p) = 23*p - 40. Let i be y(2). Determine f(i).
-14
Let m(h) = 8*h**2 - 13*h + 31. Let d(b) = 11*b**2 - 12*b + 29. Let t(a) = 3*d(a) - 4*m(a). Let c(r) = r**2 + 13*r - 6. Let f be c(-12). Calculate t(f).
-1
Let j be (4 + -5)*12*(-10)/4. Let w be (-19)/(-7) - (j/21)/(-5). Suppose v = -2*n - 13, -2*v - w - 5 = 2*n. Let c(q) = -q**2 - 9*q - 10. Calculate c(n).
-10
Let q(m) = m - 5. Let u be ((-12)/(-15))/((-2)/(-25)). Let r be q(u). Suppose 0 = r*a + 16 - 11. Let f(s) = 6*s**2 + s + 1. Determine f(a).
6
Let q(i) = i**2 + 13*i + 40. Let z be q(-8). Suppose 17*j - 6*j - 33 = z. Let o(h) = -6*h + 0*h**j + 75 + h**3 - 37 + 6*h**2 - 35. Calculate o(-7).
-4
Let f(b) = b + 2. Let o be f(-2). Let p(i) = 2*i**2 + 14 + 3*i**2 - 27. Let z(x) = -4*x**2 + 12. Let y(l) = -5*p(l) - 6*z(l). Calculate y(o).
-7
Let j(h) = -h**2 - 19*h + 17. Suppose 16*u = 39*u - 3542. Let p be (-53)/(-11) - (-28)/u - 25. Determine j(p).
-3
Let q(f) = -154*f**2 + 15 + 11*f - 2 + 85*f**2 + f + 70*f**2. Let i be (1 + 1)*11/(-2). Calculate q(i).
2
Let d(h) = 10243*h + 17 - h**3 - 4*h**2 + 10234*h - 20477*h. Give d(-5).
42
Suppose 2*v - 238 = -3*n, 7*n - 2*n + v - 392 = 0. Let d = n + -74. Suppose -d*h + 0 = 16. Let z(g) = g**3 + 5*g**2 + 2*g + 2. Calculate z(h).
10
Suppose 0 = -4*g - 3*z - 53 - 112, 0 = 3*g - 5*z + 131. Let p = g + 41. Let y(l) = -22*l**2. What is y(p)?
-22
Let r(a) = a**3 - 10*a**2 - 8*a - 25. Suppose -9*b = -2*b + 29*b - 396. What is r(b)?
8
Let v(y) = -257*y + 258*y - 40*y**2 + 34*y**2 + 1. Let k(x) = x - 1. Let u be k(0). Determine v(u).
-6
Let w(i) = -i**2 + 15*i + 17. Let j be 2/25 + ((-108)/(-150))/(32/(-48)). Determine w(j).
1
Let t(b) = -2 + b + 0 + 6 + 3. Suppose 1780 - 1765 = -5*o. Give t(o).
4
Let n be 12/10*(-7)/(84/(-20)). Let j(p) = 2 + n - 12*p + 10*p + 9. Calculate j(13).
-13
Let z(x) be the first derivative of -31*x**2 + 432*x - 4803. Determine z(7).
-2
Let x(t) = -t**2 - 18*t + 460. Let k be x(14). Let m(s) = -3*s - 35. Give m(k).
-71
Let p(a) = -4*a - 1. Let f(s) = -3*s**2 + 4*s - 12. Let x be f(5). Let c = x - -71. Suppose -6 = c*m + 2. Give p(m).
7
Let i(w) = -2*w**3 + 18*w**2 - 13*w + 24. Let y be -3*24/450*-50. Give i(y).
48
Let o(g) = 4*g - 32. Let d(n) = 15*n - 17 + 17*n - 29*n. Let z(k) = -5*d(k) + 3*o(k). Calculate z(-8).
13
Let i be 6 - -1 - (-273)/39. Let h(t) = 6 - 10 + 10*t - i*t + 0. Give h(-5).
16
Suppose 0 = 5*s + v - 5 + 23, 0 = 3*s + 2*v + 15. Let l be (-1)/(-3) - (-22)/s. Let z be 2 + (-95)/(-35) + (-2)/l. Let b(g) = 2*g. Determine b(z).
10
Let y(c) = -7*c**2 - 50*c. Let x(s) = 3*s**2 + 20*s. Let v(q) = 10*x(q) + 4*y(q). Suppose 0 = -2*a - 3*a + 10. Calculate v(a).
8
Let c be 2/(0 - -1 - 0). Let w = 33 - 6. Let a(b) = w + 2*b**2 - 26 + 0*b - b**3 + 2*b. What is a(c)?
5
Let l(x) be the third derivative of x**5/60 + 5*x**4/12 + x**3/6 + 2*x**2 + 7*x. Suppose -4*r + 26 = -4*g - 9*r, -2*r - 5 = g. Determine l(g).
-8
Let x(n) = 3*n - 19. Suppose 40*z - 11200 = 26*z. Let h = 806 - z. What is x(h)?
-1
Let h(s) be the first derivative of -s**5/30 - s**4/8 + s**3/6 - 49*s**2/2 + 2*s - 122. Let n(y) be the second derivative of h(y). Give n(-2).
-1
Let l(d) = d + 10. Let y be l(-8). Let r(p) = -40*p + 10. Let n be (-4)/(56/14)*(1 + -8). Let g(b) = 13*b - 3. Let a(u) = n*g(u) + y*r(u). Give a(1).
10
Let j(i) = -i**2 - 3*i + 4. Let a(o) = -o**2 - 14*o. Let d be a(-13). Suppose -3*v - 1 = -s, 0 = -3*s + 3*v - d + 4. Calculate j(s).
-6
Let v(g) = -g + 12. Let a be v(7). Suppose a*o - 44 = 36. Suppose -18 = 3*z - 3*n, 0 = z - 4*z + 2*n - o. Let y(c) = c - 1. Calculate y(z).
-5
Let h(t) = -2*t + 78. Let y be h(38). Suppose -27 = y*k - 35. Let s(l) = 2*l**2 - 6*l + 4. Determine s(k).
12
Let z(s) = s - 4. Let g(k) = k + 11. Let d be g(-2). Suppose -4*q = -d*q - 45. Give z(q).
-13
Let i = -36948 - -36945. Let p(k) = 0*k - 3*k - 3 + 2*k + k**3 + k**2. Determine p(i).
-18
Let x(o) = -21*o**2 + 7*o - 7. Let g(i) = -20*i**2 + 6*i - 6. Let h(l) = 6*g(l) - 5*x(l). Suppose 0 = -2*w - 32*w + 898 - 864. Determine h(w).
-15
Let g = -5 + 12. Let d(f) be the third derivative of 2*f - 1/120*f**6 + 0 + f**2 + 4/3*f**3 - 1/3*f**4 + 2/15*f**5. Give d(g).
1
Let n = 10497 + -10491. Let m(q) = -q**2 - 7*q + 43. Calculate m(n).
-35
Let r(b) = -b**3 - 8*b**2 + 9*b + 1. Let o(q) = 2*q**3 + 12*q**2 + 4*q - 6. Let u be o(-5). Let k be u/18 + (-31)/3. Give r(k).
1
Let b(r) = 5*r**3 - 9*r**2 + 4*r - 2. Let d(m) = -14*m**3 + 26*m**2 - 11*m + 6. Suppose -12*w - 61 - 11 = 0. Let f(h) = w*d(h) - 17*b(h). Give f(-2).
-2
Let m(h) = 88*h + 3. Let r be m(-1). Let n be (r/(-2))/17*(-8)/(-2). Let b(d) = -d**2 + 10*d - 8. Determine b(n).
-8
Let y(z) = -1 - 2 - 6*z + 6 - 3*z**2 + z**3 + 11. Determine y(5).
34
Let y be 12/8*(142/6 + 1). Let x = y + -31. Suppose x*c = c. Let v(h) = -h**2 - h + 4. Calculate v(c).
4
Let u(c) = 891*c**3 + 16 - 9*c**2 - 18*c + 77 - c**2 - 8*c - 889*c**3. Give u(6).
9
Let d = -10 + 13. Let m(b) = -2*b**2 + b + 9. Let f be 22/(-4) + 6/12. Let o(j) = -3*j**2 + j + 14. Let q(x) = f*o(x) + 8*m(x). Give q(d).
2
Let x(l) = -l**2 + 12*l - 14. Let u be ((355/4)/(-5))/((-44)/1408). Let j = -557 + u. Give x(j).
-3
Let c(g) = -g**3 - 5*g**2 - 12. Suppose -3*o - 247 = -232. Calculate c(o).
-12
Let o = 4524 - 4530. Let n(y) = -y**3 - 5*y**2 + 4*y - 18. Calculate n(o).
-6
Let j(s) = -12*s**3 + 128*s**2 + 42*s + 5. Let a be j(11). Let h(c) = c**3 + 15*c**2 - 34*c - 11. Determine h(a).
-11
Suppose 0 = 7*f - 2*f - 15. Let z = -1455 - -1459. Suppose -f*o = o + z. Let l(b) = -4*b - 1. Determine l(o).
3
Let w(t) = 6*t - 120. Let i be w(25). Suppose 3*c - f = -2*c + 38, 5*c - i = 5*f. Let k(g) = 4*g - 27. Give k(c).
5
Let t(d) = -d**2 - 42*d - 228. Let g be ((-4)/(-6))/(498/(-5229)). What is t(g)?
17
Let c(s) = 2. Let o(l) be the first derivative of -6*l**2 + 3*l + 21. Let k(p) = 2*c(p) - o(p). Calculate k(-1).
-11
Let y(a) be the third derivative of 13*a**4/24 - 127*a**3/6 - 2003*a**2. Determine y(9).
-10
Let u = -137 - -92. Let b be ((-54)/15 + 4)/((-1)/u). Let a(l) = -14*l - b*l + 58*l - 20*l - 3. What is a(2)?
9
Let z(s) = -s**3 - 7*s**2 - 8*s - 8. Let p be z(-6). Let o(c) = -c**2 + 2*c + c - p*c. Let n be (-12 - -17 - 6)*0. Give o(n).
0
Let w(c) = -159 - 161 - 158 - 163 + 11*c + 637. Give w(-3).
-37
Let u = 13 - 6. Let y(l) = -4 - 2 - l + u. Calculate y(2).
-1
Let m(t) = 484 + 10*t + 2*t + 0*t - 58 - 226. Calculate m(-16).
8
Let q = 3765 + -3797. Let l(t) = t**3 + 35*t**2 + 95*t - 21. Give l(q).
11
Let o(n) be the first derivative of -11*n**2/2 + n + 1. Let a = -256 + 267. Suppose 3 - a = 5*m - 3*f, 3 = m + 4*f. Calculate o(m).
12
Let z(x) be the second derivative of -x**5/20 - x**4/12 - x**3/3 + 4*x**2 + 1458*x. What is z(0)?
8
Let p(h) = -h**2 + h - 1. Let x(q) = -6*q**2 + 6*q - 66. Let c(a) = 5*p(a) - x(a). Let u(n) be the first derivat